{"id":709,"date":"2024-02-05T12:52:07","date_gmt":"2024-02-05T11:52:07","guid":{"rendered":"https:\/\/helios-france.com\/?page_id=709"},"modified":"2024-02-05T13:52:26","modified_gmt":"2024-02-05T12:52:26","slug":"volets-roulants-et-battants","status":"publish","type":"page","link":"https:\/\/fenetresdumont.fr\/index.php\/volets-roulants-et-battants\/","title":{"rendered":"Volets roulants et battants"},"content":{"rendered":"\t\t<div data-elementor-type=\"wp-page\" data-elementor-id=\"709\" class=\"elementor elementor-709\" data-elementor-post-type=\"page\">\n\t\t\t\t<div class=\"elementor-element elementor-element-77f152f2 e-con-full e-flex e-con e-parent\" data-id=\"77f152f2\" data-element_type=\"container\" data-e-type=\"container\" data-settings=\"{&quot;background_background&quot;:&quot;classic&quot;}\">\n\t\t<div class=\"elementor-element elementor-element-11ab4f04 e-con-full e-flex e-con e-child\" data-id=\"11ab4f04\" data-element_type=\"container\" data-e-type=\"container\">\n\t\t\t\t<div class=\"elementor-element elementor-element-3fca645 elementor-widget__width-initial elementor-widget-tablet__width-inherit elementor-widget elementor-widget-heading\" data-id=\"3fca645\" data-element_type=\"widget\" data-e-type=\"widget\" data-widget_type=\"heading.default\">\n\t\t\t\t<div class=\"elementor-widget-container\">\n\t\t\t\t\t<h2 class=\"elementor-heading-title elementor-size-default\">Volet roulants et battants\n<\/h2>\t\t\t\t<\/div>\n\t\t\t\t<\/div>\n\t\t\t\t<\/div>\n\t\t\t\t<\/div>\n\t\t<div class=\"elementor-element elementor-element-d22fae4 e-flex e-con-boxed e-con e-parent\" data-id=\"d22fae4\" data-element_type=\"container\" data-e-type=\"container\">\n\t\t\t\t\t<div class=\"e-con-inner\">\n\t\t<div class=\"elementor-element elementor-element-84c23ed e-con-full e-flex e-con e-child\" data-id=\"84c23ed\" data-element_type=\"container\" data-e-type=\"container\">\n\t\t<div class=\"elementor-element elementor-element-4b6d2bad e-con-full e-flex e-con e-child\" data-id=\"4b6d2bad\" data-element_type=\"container\" data-e-type=\"container\">\n\t\t\t\t<div class=\"elementor-element elementor-element-57a66b41 elementor-widget elementor-widget-heading\" data-id=\"57a66b41\" data-element_type=\"widget\" data-e-type=\"widget\" data-widget_type=\"heading.default\">\n\t\t\t\t<div class=\"elementor-widget-container\">\n\t\t\t\t\t<h2 class=\"elementor-heading-title elementor-size-default\">Volets battants<\/h2>\t\t\t\t<\/div>\n\t\t\t\t<\/div>\n\t\t\t\t<div class=\"elementor-element elementor-element-ac4d338 elementor-widget elementor-widget-text-editor\" data-id=\"ac4d338\" data-element_type=\"widget\" data-e-type=\"widget\" data-widget_type=\"text-editor.default\">\n\t\t\t\t<div class=\"elementor-widget-container\">\n\t\t\t\t\t\t\t\t\t<p>Raffinez le style de vos fen\u00eatres ou des coulissantes avec des volets. En ajoutant ces accessoires vous aurez plus d\u2019intimit\u00e9, vous contr\u00f4lerez la lumi\u00e8re excessive et la surchauffe de la pi\u00e8ce et pendant l\u2019hiver cela augmentera\u00a0 votre confort \u00e0 l\u2019int\u00e9rieur.<\/p><p><strong>Finitions<\/strong>\u00a0: RAL brillant ou textur\u00e9, nuances de bois, peinture antibact\u00e9rienne et nuances m\u00e9talliques.<\/p><p><strong>Options d\u2019ouverture<\/strong>\u00a0: \u00e0 la fran\u00e7aise, pliante, coulissante.<br \/>Fabriqu\u00e9e en 1-4 vantaux, en lamelles fixes ou mobiles.<\/p><p><strong>Options de fermeture<\/strong>\u00a0: poign\u00e9es et espagnolette.<\/p>\t\t\t\t\t\t\t\t<\/div>\n\t\t\t\t<\/div>\n\t\t\t\t<\/div>\n\t\t\t\t<\/div>\n\t\t<div class=\"elementor-element elementor-element-0a697cb e-con-full e-flex e-con e-child\" data-id=\"0a697cb\" data-element_type=\"container\" data-e-type=\"container\">\n\t\t\t\t<div class=\"elementor-element elementor-element-d4e59ed elementor-arrows-position-inside elementor-pagination-position-outside elementor-widget elementor-widget-image-carousel\" data-id=\"d4e59ed\" data-element_type=\"widget\" data-e-type=\"widget\" data-settings=\"{&quot;slides_to_show&quot;:&quot;1&quot;,&quot;lazyload&quot;:&quot;yes&quot;,&quot;autoplay_speed&quot;:9000,&quot;navigation&quot;:&quot;both&quot;,&quot;autoplay&quot;:&quot;yes&quot;,&quot;pause_on_hover&quot;:&quot;yes&quot;,&quot;pause_on_interaction&quot;:&quot;yes&quot;,&quot;infinite&quot;:&quot;yes&quot;,&quot;effect&quot;:&quot;slide&quot;,&quot;speed&quot;:500}\" data-widget_type=\"image-carousel.default\">\n\t\t\t\t<div class=\"elementor-widget-container\">\n\t\t\t\t\t\t\t<div class=\"elementor-image-carousel-wrapper swiper\" role=\"region\" aria-roledescription=\"carousel\" aria-label=\"Carrousel d\u2019images\" dir=\"ltr\">\n\t\t\t<div class=\"elementor-image-carousel swiper-wrapper\" aria-live=\"off\">\n\t\t\t\t\t\t\t\t<div class=\"swiper-slide\" role=\"group\" aria-roledescription=\"slide\" aria-label=\"1 sur 4\"><figure class=\"swiper-slide-inner\"><img class=\"swiper-slide-image swiper-lazy\" data-src=\"https:\/\/fenetresdumont.fr\/wp-content\/uploads\/2024\/02\/volets-battants-1.jpeg\" alt=\"volets-battants-1\" \/><div class=\"swiper-lazy-preloader\"><\/div><\/figure><\/div><div class=\"swiper-slide\" role=\"group\" aria-roledescription=\"slide\" aria-label=\"2 sur 4\"><figure class=\"swiper-slide-inner\"><img class=\"swiper-slide-image swiper-lazy\" data-src=\"https:\/\/fenetresdumont.fr\/wp-content\/uploads\/2024\/02\/volets-battants-2.jpeg\" alt=\"volets-battants-2\" \/><div class=\"swiper-lazy-preloader\"><\/div><\/figure><\/div><div class=\"swiper-slide\" role=\"group\" aria-roledescription=\"slide\" aria-label=\"3 sur 4\"><figure class=\"swiper-slide-inner\"><img class=\"swiper-slide-image swiper-lazy\" data-src=\"https:\/\/fenetresdumont.fr\/wp-content\/uploads\/2024\/02\/volets-battants-3.jpeg\" alt=\"volets-battants-3\" \/><div class=\"swiper-lazy-preloader\"><\/div><\/figure><\/div><div class=\"swiper-slide\" role=\"group\" aria-roledescription=\"slide\" aria-label=\"4 sur 4\"><figure class=\"swiper-slide-inner\"><img class=\"swiper-slide-image swiper-lazy\" data-src=\"https:\/\/fenetresdumont.fr\/wp-content\/uploads\/2024\/02\/Capture-decran-2024-02-05-a-12.39.26.png\" alt=\"Capture d\u2019e\u0301cran 2024-02-05 a\u0300 12.39.26\" \/><div class=\"swiper-lazy-preloader\"><\/div><\/figure><\/div>\t\t\t<\/div>\n\t\t\t\t\t\t\t\t\t\t\t\t<div class=\"elementor-swiper-button elementor-swiper-button-prev\" role=\"button\" tabindex=\"0\">\n\t\t\t\t\t\t<svg aria-hidden=\"true\" class=\"e-font-icon-svg e-eicon-chevron-left\" viewBox=\"0 0 1000 1000\" xmlns=\"http:\/\/www.w3.org\/2000\/svg\"><path d=\"M646 125C629 125 613 133 604 142L308 442C296 454 292 471 292 487 292 504 296 521 308 533L604 854C617 867 629 875 646 875 663 875 679 871 692 858 704 846 713 829 713 812 713 796 708 779 692 767L438 487 692 225C700 217 708 204 708 187 708 171 704 154 692 142 675 129 663 125 646 125Z\"><\/path><\/svg>\t\t\t\t\t<\/div>\n\t\t\t\t\t<div class=\"elementor-swiper-button elementor-swiper-button-next\" role=\"button\" tabindex=\"0\">\n\t\t\t\t\t\t<svg aria-hidden=\"true\" class=\"e-font-icon-svg e-eicon-chevron-right\" viewBox=\"0 0 1000 1000\" xmlns=\"http:\/\/www.w3.org\/2000\/svg\"><path d=\"M696 533C708 521 713 504 713 487 713 471 708 454 696 446L400 146C388 133 375 125 354 125 338 125 325 129 313 142 300 154 292 171 292 187 292 204 296 221 308 233L563 492 304 771C292 783 288 800 288 817 288 833 296 850 308 863 321 871 338 875 354 875 371 875 388 867 400 854L696 533Z\"><\/path><\/svg>\t\t\t\t\t<\/div>\n\t\t\t\t\n\t\t\t\t\t\t\t\t\t<div class=\"swiper-pagination\"><\/div>\n\t\t\t\t\t\t\t\t\t<\/div>\n\t\t\t\t\t\t<\/div>\n\t\t\t\t<\/div>\n\t\t\t\t<\/div>\n\t\t\t\t\t<\/div>\n\t\t\t\t<\/div>\n\t\t<div class=\"elementor-element elementor-element-a900ad8 e-flex e-con-boxed e-con e-parent\" data-id=\"a900ad8\" data-element_type=\"container\" data-e-type=\"container\" data-settings=\"{&quot;background_background&quot;:&quot;classic&quot;}\">\n\t\t\t\t\t<div class=\"e-con-inner\">\n\t\t<div class=\"elementor-element elementor-element-ae0165d e-con-full e-flex e-con e-child\" data-id=\"ae0165d\" data-element_type=\"container\" data-e-type=\"container\">\n\t\t<div class=\"elementor-element elementor-element-6a23b2d e-con-full e-flex e-con e-child\" data-id=\"6a23b2d\" data-element_type=\"container\" data-e-type=\"container\">\n\t\t\t\t<div class=\"elementor-element elementor-element-51f45d2 elementor-widget elementor-widget-heading\" data-id=\"51f45d2\" data-element_type=\"widget\" data-e-type=\"widget\" data-widget_type=\"heading.default\">\n\t\t\t\t<div class=\"elementor-widget-container\">\n\t\t\t\t\t<h2 class=\"elementor-heading-title elementor-size-default\">\nVolets roulants<\/h2>\t\t\t\t<\/div>\n\t\t\t\t<\/div>\n\t\t\t\t<div class=\"elementor-element elementor-element-a464ab3 elementor-widget elementor-widget-text-editor\" data-id=\"a464ab3\" data-element_type=\"widget\" data-e-type=\"widget\" data-widget_type=\"text-editor.default\">\n\t\t\t\t<div class=\"elementor-widget-container\">\n\t\t\t\t\t\t\t\t\t<h5 class=\"has-text-align-center\">Types de manoeuvre :<\/h5><p class=\"has-text-align-center\">\u00e0 sangle, \u00e0 tringle, motoris\u00e9e.<br \/>Les lamelles en aluminium sont remplies de mousse en polyurethane.<\/p>\t\t\t\t\t\t\t\t<\/div>\n\t\t\t\t<\/div>\n\t\t\t\t<\/div>\n\t\t\t\t<\/div>\n\t\t<div class=\"elementor-element elementor-element-06b915e e-con-full e-flex e-con e-child\" data-id=\"06b915e\" data-element_type=\"container\" data-e-type=\"container\">\n\t\t\t\t<div class=\"elementor-element elementor-element-fb6b60b elementor-arrows-position-inside elementor-pagination-position-outside elementor-widget elementor-widget-image-carousel\" data-id=\"fb6b60b\" data-element_type=\"widget\" data-e-type=\"widget\" data-settings=\"{&quot;slides_to_show&quot;:&quot;1&quot;,&quot;lazyload&quot;:&quot;yes&quot;,&quot;autoplay_speed&quot;:9000,&quot;navigation&quot;:&quot;both&quot;,&quot;autoplay&quot;:&quot;yes&quot;,&quot;pause_on_hover&quot;:&quot;yes&quot;,&quot;pause_on_interaction&quot;:&quot;yes&quot;,&quot;infinite&quot;:&quot;yes&quot;,&quot;effect&quot;:&quot;slide&quot;,&quot;speed&quot;:500}\" data-widget_type=\"image-carousel.default\">\n\t\t\t\t<div class=\"elementor-widget-container\">\n\t\t\t\t\t\t\t<div class=\"elementor-image-carousel-wrapper swiper\" role=\"region\" aria-roledescription=\"carousel\" aria-label=\"Carrousel d\u2019images\" dir=\"ltr\">\n\t\t\t<div class=\"elementor-image-carousel swiper-wrapper\" aria-live=\"off\">\n\t\t\t\t\t\t\t\t<div class=\"swiper-slide\" role=\"group\" aria-roledescription=\"slide\" aria-label=\"1 sur 2\"><figure class=\"swiper-slide-inner\"><img class=\"swiper-slide-image swiper-lazy\" data-src=\"https:\/\/fenetresdumont.fr\/wp-content\/uploads\/2024\/02\/Volets-roulants-integre-300x300-1.jpeg\" alt=\"Volets-roulants-integre-300x300\" \/><div class=\"swiper-lazy-preloader\"><\/div><figcaption class=\"elementor-image-carousel-caption\">Volet roulant caisson int\u00e9gr\u00e9. Vient assembl\u00e9 sur la menuiserie en usine.<\/figcaption><\/figure><\/div><div class=\"swiper-slide\" role=\"group\" aria-roledescription=\"slide\" aria-label=\"2 sur 2\"><figure class=\"swiper-slide-inner\"><img class=\"swiper-slide-image swiper-lazy\" data-src=\"https:\/\/fenetresdumont.fr\/wp-content\/uploads\/2024\/02\/Volet-roulant-renovation-300x300-1.jpeg\" alt=\"Volet-roulant-renovation-300x300\" \/><div class=\"swiper-lazy-preloader\"><\/div><\/figure><\/div>\t\t\t<\/div>\n\t\t\t\t\t\t\t\t\t\t\t\t<div class=\"elementor-swiper-button elementor-swiper-button-prev\" role=\"button\" tabindex=\"0\">\n\t\t\t\t\t\t<svg aria-hidden=\"true\" class=\"e-font-icon-svg e-eicon-chevron-left\" viewBox=\"0 0 1000 1000\" xmlns=\"http:\/\/www.w3.org\/2000\/svg\"><path d=\"M646 125C629 125 613 133 604 142L308 442C296 454 292 471 292 487 292 504 296 521 308 533L604 854C617 867 629 875 646 875 663 875 679 871 692 858 704 846 713 829 713 812 713 796 708 779 692 767L438 487 692 225C700 217 708 204 708 187 708 171 704 154 692 142 675 129 663 125 646 125Z\"><\/path><\/svg>\t\t\t\t\t<\/div>\n\t\t\t\t\t<div class=\"elementor-swiper-button elementor-swiper-button-next\" role=\"button\" tabindex=\"0\">\n\t\t\t\t\t\t<svg aria-hidden=\"true\" class=\"e-font-icon-svg e-eicon-chevron-right\" viewBox=\"0 0 1000 1000\" xmlns=\"http:\/\/www.w3.org\/2000\/svg\"><path d=\"M696 533C708 521 713 504 713 487 713 471 708 454 696 446L400 146C388 133 375 125 354 125 338 125 325 129 313 142 300 154 292 171 292 187 292 204 296 221 308 233L563 492 304 771C292 783 288 800 288 817 288 833 296 850 308 863 321 871 338 875 354 875 371 875 388 867 400 854L696 533Z\"><\/path><\/svg>\t\t\t\t\t<\/div>\n\t\t\t\t\n\t\t\t\t\t\t\t\t\t<div class=\"swiper-pagination\"><\/div>\n\t\t\t\t\t\t\t\t\t<\/div>\n\t\t\t\t\t\t<\/div>\n\t\t\t\t<\/div>\n\t\t\t\t<\/div>\n\t\t\t\t\t<\/div>\n\t\t\t\t<\/div>\n\t\t<div class=\"elementor-element elementor-element-c9f5142 e-flex e-con-boxed e-con e-parent\" data-id=\"c9f5142\" data-element_type=\"container\" data-e-type=\"container\" data-settings=\"{&quot;background_background&quot;:&quot;classic&quot;}\">\n\t\t\t\t\t<div class=\"e-con-inner\">\n\t\t<div class=\"elementor-element elementor-element-772fc8e e-con-full e-flex e-con e-child\" data-id=\"772fc8e\" data-element_type=\"container\" data-e-type=\"container\">\n\t\t<div class=\"elementor-element elementor-element-fdb82a8 e-con-full e-flex e-con e-child\" data-id=\"fdb82a8\" data-element_type=\"container\" data-e-type=\"container\">\n\t\t\t\t<div class=\"elementor-element elementor-element-0854b30 elementor-widget elementor-widget-heading\" data-id=\"0854b30\" data-element_type=\"widget\" data-e-type=\"widget\" data-widget_type=\"heading.default\">\n\t\t\t\t<div class=\"elementor-widget-container\">\n\t\t\t\t\t<h2 class=\"elementor-heading-title elementor-size-default\">Couleurs des lames<\/h2>\t\t\t\t<\/div>\n\t\t\t\t<\/div>\n\t\t\t\t<div class=\"elementor-element elementor-element-82b69d3 elementor-widget elementor-widget-image\" data-id=\"82b69d3\" data-element_type=\"widget\" data-e-type=\"widget\" data-widget_type=\"image.default\">\n\t\t\t\t<div class=\"elementor-widget-container\">\n\t\t\t\t\t\t\t\t\t\t\t\t\t\t\t<img fetchpriority=\"high\" decoding=\"async\" width=\"1024\" height=\"565\" src=\"https:\/\/fenetresdumont.fr\/wp-content\/uploads\/2024\/02\/MCA-Volet_lames-1024x565.png\" class=\"attachment-large size-large wp-image-735\" alt=\"\" srcset=\"https:\/\/fenetresdumont.fr\/wp-content\/uploads\/2024\/02\/MCA-Volet_lames-1024x565.png 1024w, https:\/\/fenetresdumont.fr\/wp-content\/uploads\/2024\/02\/MCA-Volet_lames-300x166.png 300w, https:\/\/fenetresdumont.fr\/wp-content\/uploads\/2024\/02\/MCA-Volet_lames-768x424.png 768w, https:\/\/fenetresdumont.fr\/wp-content\/uploads\/2024\/02\/MCA-Volet_lames.png 1058w\" sizes=\"(max-width: 1024px) 100vw, 1024px\" \/>\t\t\t\t\t\t\t\t\t\t\t\t\t\t\t<\/div>\n\t\t\t\t<\/div>\n\t\t\t\t<\/div>\n\t\t\t\t<\/div>\n\t\t<div class=\"elementor-element elementor-element-94b9892 e-con-full e-flex e-con e-child\" data-id=\"94b9892\" data-element_type=\"container\" data-e-type=\"container\">\n\t\t\t\t<div class=\"elementor-element elementor-element-42b9219 elementor-widget elementor-widget-heading\" data-id=\"42b9219\" data-element_type=\"widget\" data-e-type=\"widget\" data-widget_type=\"heading.default\">\n\t\t\t\t<div class=\"elementor-widget-container\">\n\t\t\t\t\t<h2 class=\"elementor-heading-title elementor-size-default\">Couleurs des caissons<\/h2>\t\t\t\t<\/div>\n\t\t\t\t<\/div>\n\t\t\t\t<div class=\"elementor-element elementor-element-41bfb59 elementor-widget elementor-widget-image\" data-id=\"41bfb59\" data-element_type=\"widget\" data-e-type=\"widget\" data-widget_type=\"image.default\">\n\t\t\t\t<div class=\"elementor-widget-container\">\n\t\t\t\t\t\t\t\t\t\t\t\t\t\t\t<img decoding=\"async\" width=\"943\" height=\"318\" src=\"https:\/\/fenetresdumont.fr\/wp-content\/uploads\/2024\/02\/MCA-Volet_caisson.png\" class=\"attachment-large size-large wp-image-734\" alt=\"\" srcset=\"https:\/\/fenetresdumont.fr\/wp-content\/uploads\/2024\/02\/MCA-Volet_caisson.png 943w, https:\/\/fenetresdumont.fr\/wp-content\/uploads\/2024\/02\/MCA-Volet_caisson-300x101.png 300w, https:\/\/fenetresdumont.fr\/wp-content\/uploads\/2024\/02\/MCA-Volet_caisson-768x259.png 768w\" sizes=\"(max-width: 943px) 100vw, 943px\" \/>\t\t\t\t\t\t\t\t\t\t\t\t\t\t\t<\/div>\n\t\t\t\t<\/div>\n\t\t\t\t<\/div>\n\t\t\t\t\t<\/div>\n\t\t\t\t<\/div>\n\t\t\t\t<\/div>\n\t\t","protected":false},"excerpt":{"rendered":"<p>Volet roulants et battants Volets battants Raffinez le style de vos fen\u00eatres ou des coulissantes avec des volets. En ajoutant ces accessoires vous aurez plus d\u2019intimit\u00e9, vous contr\u00f4lerez la lumi\u00e8re excessive et la surchauffe de la pi\u00e8ce et pendant l\u2019hiver cela augmentera\u00a0 votre confort \u00e0 l\u2019int\u00e9rieur. Finitions\u00a0: RAL brillant ou textur\u00e9, nuances de bois, peinture&hellip;&nbsp;<\/p>\n","protected":false},"author":1,"featured_media":710,"parent":0,"menu_order":0,"comment_status":"closed","ping_status":"closed","template":"page-templates\/template-pagebuilder-full-width.php","meta":{"neve_meta_sidebar":"","neve_meta_container":"","neve_meta_enable_content_width":"","neve_meta_content_width":0,"neve_meta_title_alignment":"","neve_meta_author_avatar":"","neve_post_elements_order":"","neve_meta_disable_header":"","neve_meta_disable_footer":"","neve_meta_disable_title":"","footnotes":""},"class_list":["post-709","page","type-page","status-publish","has-post-thumbnail","hentry"],"yoast_head":"<!-- This site is optimized with the Yoast SEO plugin v27.3 - https:\/\/yoast.com\/product\/yoast-seo-wordpress\/ -->\n<title>Volets roulants et battants - Fen&ecirc;tres du Mont<\/title>\n<meta name=\"description\" content=\"Avec ces accessoires vous contr\u00f4lerez la lumi\u00e8re excessive et la surchauffe de la pi\u00e8ce et pendant l\u2019hiver cela augmentera votre confort \u00e0 l\u2019int\u00e9rieur.\" \/>\n<meta name=\"robots\" content=\"index, follow, max-snippet:-1, max-image-preview:large, max-video-preview:-1\" \/>\n<link rel=\"canonical\" href=\"https:\/\/fenetresdumont.fr\/index.php\/volets-roulants-et-battants\/\" \/>\n<meta property=\"og:locale\" content=\"fr_FR\" \/>\n<meta property=\"og:type\" content=\"article\" \/>\n<meta property=\"og:title\" content=\"Volets roulants et battants - Fen&ecirc;tres du Mont\" \/>\n<meta property=\"og:description\" content=\"Avec ces accessoires vous contr\u00f4lerez la lumi\u00e8re excessive et la surchauffe de la pi\u00e8ce et pendant l\u2019hiver cela augmentera votre confort \u00e0 l\u2019int\u00e9rieur.\" \/>\n<meta property=\"og:url\" content=\"https:\/\/fenetresdumont.fr\/index.php\/volets-roulants-et-battants\/\" \/>\n<meta property=\"og:site_name\" content=\"Fen&ecirc;tres du Mont\" \/>\n<meta property=\"article:modified_time\" content=\"2024-02-05T12:52:26+00:00\" \/>\n<meta property=\"og:image\" content=\"https:\/\/fenetresdumont.fr\/wp-content\/uploads\/2024\/02\/Capture-decran-2024-02-05-a-12.39.26-1024x867.png\" \/>\n\t<meta property=\"og:image:width\" content=\"1024\" \/>\n\t<meta property=\"og:image:height\" content=\"867\" \/>\n\t<meta property=\"og:image:type\" content=\"image\/png\" \/>\n<meta name=\"twitter:card\" content=\"summary_large_image\" \/>\n<meta name=\"twitter:label1\" content=\"Dur\u00e9e de lecture estim\u00e9e\" \/>\n\t<meta name=\"twitter:data1\" content=\"4 minutes\" \/>\n<script type=\"application\/ld+json\" class=\"yoast-schema-graph\">{\"@context\":\"https:\\\/\\\/schema.org\",\"@graph\":[{\"@type\":\"WebPage\",\"@id\":\"https:\\\/\\\/fenetresdumont.fr\\\/index.php\\\/volets-roulants-et-battants\\\/\",\"url\":\"https:\\\/\\\/fenetresdumont.fr\\\/index.php\\\/volets-roulants-et-battants\\\/\",\"name\":\"Volets roulants et battants - Fen&ecirc;tres du Mont\",\"isPartOf\":{\"@id\":\"https:\\\/\\\/fenetresdumont.fr\\\/#website\"},\"primaryImageOfPage\":{\"@id\":\"https:\\\/\\\/fenetresdumont.fr\\\/index.php\\\/volets-roulants-et-battants\\\/#primaryimage\"},\"image\":{\"@id\":\"https:\\\/\\\/fenetresdumont.fr\\\/index.php\\\/volets-roulants-et-battants\\\/#primaryimage\"},\"thumbnailUrl\":\"https:\\\/\\\/fenetresdumont.fr\\\/wp-content\\\/uploads\\\/2024\\\/02\\\/Capture-decran-2024-02-05-a-12.39.26.png\",\"datePublished\":\"2024-02-05T11:52:07+00:00\",\"dateModified\":\"2024-02-05T12:52:26+00:00\",\"description\":\"Avec ces accessoires vous contr\u00f4lerez la lumi\u00e8re excessive et la surchauffe de la pi\u00e8ce et pendant l\u2019hiver cela augmentera votre confort \u00e0 l\u2019int\u00e9rieur.\",\"breadcrumb\":{\"@id\":\"https:\\\/\\\/fenetresdumont.fr\\\/index.php\\\/volets-roulants-et-battants\\\/#breadcrumb\"},\"inLanguage\":\"fr-FR\",\"potentialAction\":[{\"@type\":\"ReadAction\",\"target\":[\"https:\\\/\\\/fenetresdumont.fr\\\/index.php\\\/volets-roulants-et-battants\\\/\"]}]},{\"@type\":\"ImageObject\",\"inLanguage\":\"fr-FR\",\"@id\":\"https:\\\/\\\/fenetresdumont.fr\\\/index.php\\\/volets-roulants-et-battants\\\/#primaryimage\",\"url\":\"https:\\\/\\\/fenetresdumont.fr\\\/wp-content\\\/uploads\\\/2024\\\/02\\\/Capture-decran-2024-02-05-a-12.39.26.png\",\"contentUrl\":\"https:\\\/\\\/fenetresdumont.fr\\\/wp-content\\\/uploads\\\/2024\\\/02\\\/Capture-decran-2024-02-05-a-12.39.26.png\",\"width\":1176,\"height\":996},{\"@type\":\"BreadcrumbList\",\"@id\":\"https:\\\/\\\/fenetresdumont.fr\\\/index.php\\\/volets-roulants-et-battants\\\/#breadcrumb\",\"itemListElement\":[{\"@type\":\"ListItem\",\"position\":1,\"name\":\"Accueil\",\"item\":\"https:\\\/\\\/fenetresdumont.fr\\\/\"},{\"@type\":\"ListItem\",\"position\":2,\"name\":\"Volets roulants et battants\"}]},{\"@type\":\"WebSite\",\"@id\":\"https:\\\/\\\/fenetresdumont.fr\\\/#website\",\"url\":\"https:\\\/\\\/fenetresdumont.fr\\\/\",\"name\":\"Fen&ecirc;tres du Mont\",\"description\":\"\",\"potentialAction\":[{\"@type\":\"SearchAction\",\"target\":{\"@type\":\"EntryPoint\",\"urlTemplate\":\"https:\\\/\\\/fenetresdumont.fr\\\/?s={search_term_string}\"},\"query-input\":{\"@type\":\"PropertyValueSpecification\",\"valueRequired\":true,\"valueName\":\"search_term_string\"}}],\"inLanguage\":\"fr-FR\"}]}<\/script>\n<!-- \/ Yoast SEO plugin. -->","yoast_head_json":{"title":"Volets roulants et battants - Fen&ecirc;tres du Mont","description":"Avec ces accessoires vous contr\u00f4lerez la lumi\u00e8re excessive et la surchauffe de la pi\u00e8ce et pendant l\u2019hiver cela augmentera votre confort \u00e0 l\u2019int\u00e9rieur.","robots":{"index":"index","follow":"follow","max-snippet":"max-snippet:-1","max-image-preview":"max-image-preview:large","max-video-preview":"max-video-preview:-1"},"canonical":"https:\/\/fenetresdumont.fr\/index.php\/volets-roulants-et-battants\/","og_locale":"fr_FR","og_type":"article","og_title":"Volets roulants et battants - Fen&ecirc;tres du Mont","og_description":"Avec ces accessoires vous contr\u00f4lerez la lumi\u00e8re excessive et la surchauffe de la pi\u00e8ce et pendant l\u2019hiver cela augmentera votre confort \u00e0 l\u2019int\u00e9rieur.","og_url":"https:\/\/fenetresdumont.fr\/index.php\/volets-roulants-et-battants\/","og_site_name":"Fen&ecirc;tres du Mont","article_modified_time":"2024-02-05T12:52:26+00:00","og_image":[{"width":1024,"height":867,"url":"https:\/\/fenetresdumont.fr\/wp-content\/uploads\/2024\/02\/Capture-decran-2024-02-05-a-12.39.26-1024x867.png","type":"image\/png"}],"twitter_card":"summary_large_image","twitter_misc":{"Dur\u00e9e de lecture estim\u00e9e":"4 minutes"},"schema":{"@context":"https:\/\/schema.org","@graph":[{"@type":"WebPage","@id":"https:\/\/fenetresdumont.fr\/index.php\/volets-roulants-et-battants\/","url":"https:\/\/fenetresdumont.fr\/index.php\/volets-roulants-et-battants\/","name":"Volets roulants et battants - Fen&ecirc;tres du Mont","isPartOf":{"@id":"https:\/\/fenetresdumont.fr\/#website"},"primaryImageOfPage":{"@id":"https:\/\/fenetresdumont.fr\/index.php\/volets-roulants-et-battants\/#primaryimage"},"image":{"@id":"https:\/\/fenetresdumont.fr\/index.php\/volets-roulants-et-battants\/#primaryimage"},"thumbnailUrl":"https:\/\/fenetresdumont.fr\/wp-content\/uploads\/2024\/02\/Capture-decran-2024-02-05-a-12.39.26.png","datePublished":"2024-02-05T11:52:07+00:00","dateModified":"2024-02-05T12:52:26+00:00","description":"Avec ces accessoires vous contr\u00f4lerez la lumi\u00e8re excessive et la surchauffe de la pi\u00e8ce et pendant l\u2019hiver cela augmentera votre confort \u00e0 l\u2019int\u00e9rieur.","breadcrumb":{"@id":"https:\/\/fenetresdumont.fr\/index.php\/volets-roulants-et-battants\/#breadcrumb"},"inLanguage":"fr-FR","potentialAction":[{"@type":"ReadAction","target":["https:\/\/fenetresdumont.fr\/index.php\/volets-roulants-et-battants\/"]}]},{"@type":"ImageObject","inLanguage":"fr-FR","@id":"https:\/\/fenetresdumont.fr\/index.php\/volets-roulants-et-battants\/#primaryimage","url":"https:\/\/fenetresdumont.fr\/wp-content\/uploads\/2024\/02\/Capture-decran-2024-02-05-a-12.39.26.png","contentUrl":"https:\/\/fenetresdumont.fr\/wp-content\/uploads\/2024\/02\/Capture-decran-2024-02-05-a-12.39.26.png","width":1176,"height":996},{"@type":"BreadcrumbList","@id":"https:\/\/fenetresdumont.fr\/index.php\/volets-roulants-et-battants\/#breadcrumb","itemListElement":[{"@type":"ListItem","position":1,"name":"Accueil","item":"https:\/\/fenetresdumont.fr\/"},{"@type":"ListItem","position":2,"name":"Volets roulants et battants"}]},{"@type":"WebSite","@id":"https:\/\/fenetresdumont.fr\/#website","url":"https:\/\/fenetresdumont.fr\/","name":"Fen&ecirc;tres du Mont","description":"","potentialAction":[{"@type":"SearchAction","target":{"@type":"EntryPoint","urlTemplate":"https:\/\/fenetresdumont.fr\/?s={search_term_string}"},"query-input":{"@type":"PropertyValueSpecification","valueRequired":true,"valueName":"search_term_string"}}],"inLanguage":"fr-FR"}]}},"_links":{"self":[{"href":"https:\/\/fenetresdumont.fr\/index.php\/wp-json\/wp\/v2\/pages\/709","targetHints":{"allow":["GET"]}}],"collection":[{"href":"https:\/\/fenetresdumont.fr\/index.php\/wp-json\/wp\/v2\/pages"}],"about":[{"href":"https:\/\/fenetresdumont.fr\/index.php\/wp-json\/wp\/v2\/types\/page"}],"author":[{"embeddable":true,"href":"https:\/\/fenetresdumont.fr\/index.php\/wp-json\/wp\/v2\/users\/1"}],"replies":[{"embeddable":true,"href":"https:\/\/fenetresdumont.fr\/index.php\/wp-json\/wp\/v2\/comments?post=709"}],"version-history":[{"count":28,"href":"https:\/\/fenetresdumont.fr\/index.php\/wp-json\/wp\/v2\/pages\/709\/revisions"}],"predecessor-version":[{"id":747,"href":"https:\/\/fenetresdumont.fr\/index.php\/wp-json\/wp\/v2\/pages\/709\/revisions\/747"}],"wp:featuredmedia":[{"embeddable":true,"href":"https:\/\/fenetresdumont.fr\/index.php\/wp-json\/wp\/v2\/media\/710"}],"wp:attachment":[{"href":"https:\/\/fenetresdumont.fr\/index.php\/wp-json\/wp\/v2\/media?parent=709"}],"curies":[{"name":"wp","href":"https:\/\/api.w.org\/{rel}","templated":true}]}}